 2 = -2*g, -o - 9 = -3*g - 2. Suppose -q + 316 = g*q. Let u = 46 + -19. What is the remainder when q is divided by u?
25
Suppose 32 = -3*i + 5*i + j, i - 6 = 2*j. What is the remainder when i is divided by 8?
6
Let x(l) = 2*l**2 - 3*l + 1. Let w(p) = 0 + 2*p - 1 - 3*p. What is the remainder when x(2) is divided by w(-3)?
1
Suppose -2*s - 2*z = -72, -2*s = s + z - 114. What is the remainder when 76 is divided by s?
37
Suppose -25 = -16*m + 375. Calculate the remainder when 71 is divided by m.
21
Let b(l) be the first derivative of -l**3/3 + 5*l**2 + 9*l - 3. Calculate the remainder when b(10) is divided by 4.
1
Suppose 78 + 17 = 5*q. Let z = q - 9. What is the remainder when 27 is divided by z?
7
Let g(p) = -3*p - 6. Let d be g(-7). What is the remainder when 33 is divided by (d - 0) + 27/(-9)?
9
Suppose 3 + 1 = 4*o. Calculate the remainder when o is divided by 1.
0
Let b(a) = a**2 - 3*a - 1. What is the remainder when 3 is divided by b(4)?
0
Suppose -h + 6 = 3*r, -r + 12 = 3*r. Let i = 6 + h. Suppose 4 = -q + i*q. Calculate the remainder when 5 is divided by q.
1
Suppose 3*s = 71 + 43. Suppose 5*n + 4*f = 20, 2*n + 2*f + 50 = 7*n. What is the remainder when s is divided by n?
6
Suppose 5*y = y + 76. Let j = 80 + -129. Let x = j + 104. Calculate the remainder when x is divided by y.
17
Let s(b) = b**2. Let k(w) = 3*w**2 + 3*w + 4. Let i(p) = -k(p) + 6*s(p). What is the remainder when i(5) is divided by 19?
18
Let f(n) = n**3 + 5*n**2 - n. Let u be 12/(-8)*2/(-3). Let w(i) = 12*i**3 + i**2 - i + 1. Calculate the remainder when w(u) is divided by f(-5).
3
Let p(i) = -i**3 + 3*i**2 + 18*i - 8. Let u(w) = 4*w - 4*w + 11 - w. What is the remainder when p(5) is divided by u(0)?
10
Suppose 4*k - 18 = -0*k - 2*r, -4*k + 3*r = 7. Suppose -2*n + 0 = 5*c - 42, -k*n + 12 = 2*c. What is the remainder when c is divided by (-1 - -2)/((-2)/(-8))?
2
Suppose u - 5*u = -156. Let i(q) = -q**3 - 7*q**2 - 4*q - 1. Let y be i(-4). Let n = -23 - y. Calculate the remainder when u is divided by n.
9
Suppose 3*r - 3 = 9. Let q be 1 - 1 - (-20)/r. Let t = q + 0. Calculate the remainder when 13 is divided by t.
3
What is the remainder when 6/15 + (-1396)/(-10) - 1 is divided by 28?
27
Suppose -5*d + 13 = 2*c, -c + 1 = -3*d - 0*c. Calculate the remainder when 19 is divided by 6 + -4 - (-9 + d).
9
Let n(f) = 2*f - 6. Let s be n(4). Let i(z) = -z - 2. Calculate the remainder when (-2 - 0)/s*-4 is divided by i(-4).
0
Let m = -51 + 93. Suppose -2*c + 28 + m = 0. What is the remainder when c is divided by 9?
8
Suppose 4*b - 18 = 2*b. Suppose -3*q - 14 = -119. What is the remainder when q is divided by b?
8
Suppose 7*r - 3*r - 32 = 0. Calculate the remainder when 13 is divided by r.
5
Suppose 6*y = 25 + 35. What is the remainder when y is divided by 2?
0
Suppose 0 = -2*r - 6*u + 2*u + 82, 4*r = u + 137. Let t = 171 + -110. Let g = t - r. What is the remainder when g is divided by 7?
5
Let k be 1 + -1 + (2 - 0). Suppose -3*c + k*c + 2 = 0. Calculate the remainder when c*(69/2)/3 is divided by 8.
7
Let n(o) = 15*o**2 + 2*o - 2. What is the remainder when 28 is divided by n(1)?
13
Suppose -2*w + 1 = 5*k + 15, 2*k = 4*w - 20. Let b = -28 - -39. Calculate the remainder when b is divided by w.
2
Suppose 5*z - 2 - 3 = 0. Let b = -1 + z. Suppose 2*x + 4 - 14 = b. Calculate the remainder when 13 is divided by x.
3
Suppose 0 = j + 2, -2*l + 158 = -j + 4*j. What is the remainder when l is divided by 29?
24
What is the remainder when 408/9 - (-8)/(-6) is divided by 16?
12
Let w be ((-3)/1 - -81) + -3. Let q = 134 - w. Calculate the remainder when q is divided by 15.
14
Let p(x) = x + 4 - 4 + 8*x**2. Let m(v) = 2*v**2 - v - 5. What is the remainder when p(-2) is divided by m(-3)?
14
Let i(a) = -a**2 + 7*a. What is the remainder when 23 is divided by i(6)?
5
Suppose -3*l - 8 = 2*d, 2*d + d + 2*l = -2. Calculate the remainder when 18 is divided by d + 2 - 1 - -2.
3
Suppose -8 = -4*n - 0*n. Suppose -a + 12 = n*a. Let d(r) = r + 1. Calculate the remainder when d(6) is divided by a.
3
Let b = -1 - -3. Let a = -1 + b. Suppose -5*l + 9 + 1 = 0. Calculate the remainder when l is divided by a.
0
Suppose 2*i = -2*p - 3*i - 3, 3*i + 1 = -2*p. Calculate the remainder when 4 is divided by p.
0
Let d(x) = x**2 + 6*x + 5. Let o be d(-6). Let k(v) = 0 + 0*v + o*v - 5*v**2 + 4 + v**3. What is the remainder when 22 is divided by k(4)?
6
Let z(r) be the first derivative of 0*r**2 + r + 1 + 2*r**2 - r**2. What is the remainder when z(1) is divided by 2?
1
Let m be 19/4 - 2/(-8). Let w be 1*m + 0/(-5). Let i = w - 2. What is the remainder when 3 is divided by i?
0
Let c(f) = -f + 13. Let r be c(9). Calculate the remainder when 182/r + 18/(-12) is divided by 15.
14
Let r = -10 + 32. What is the remainder when r is divided by (-1*1)/((-8)/64)?
6
Suppose -b = -3*b + 28. Calculate the remainder when 26 is divided by b.
12
Let r = -5 + 20. Calculate the remainder when 57 is divided by r.
12
Suppose 5*j - 48 = j. What is the remainder when j is divided by 7?
5
Calculate the remainder when 16 is divided by 3*(-1)/5 - 54/(-15).
1
Suppose -4*l - 10 = -g + 24, -2*g - 5*l = -16. Suppose -2*k = -5*a - 60, -8 = k + 3*a - 49. What is the remainder when k is divided by g*((-14)/6 - -3)?
11
Suppose -3*c + m + 20 = 0, -2*c + 14 = -4*m + 4. Let s = -22 + -19. Let i = -22 - s. What is the remainder when i is divided by c?
5
What is the remainder when (-581)/(-35) - (-2)/5 is divided by 3?
2
Suppose 40 + 30 = 5*b. What is the remainder when 68 is divided by b?
12
Let o(m) be the third derivative of -m**4/6 + 5*m**3/6 + 2*m**2. What is the remainder when o(-5) is divided by 13?
12
Let b(q) = q**3 + 5*q**2 - 5. What is the remainder when b(3) is divided by 14?
11
Let b(x) = -7*x - 2. Let a be 18/(-10) - 2/10. Let w be b(a). Suppose w = -3*r + 6*r. Calculate the remainder when 14 is divided by r.
2
Let f(l) = 5*l - 3. What is the remainder when 10 is divided by f(2)?
3
Let k(a) = -a**3 - a**2 + a + 7. Suppose 0 = 3*l - 9, 0 = -f + 5*f - 4*l - 96. Calculate the remainder when f is divided by k(0).
6
Suppose 3*k + k - 24 = 0. Let z be ((-27)/6 - -2)*-2. Let q = z + k. Calculate the remainder when 21 is divided by q.
10
Suppose 3*l + 1 = -41. Let m = 34 + l. Calculate the remainder when 37 is divided by m.
17
Suppose -456 = -5*b - 3*q + 2*q, -3*q + 94 = b. Calculate the remainder when b is divided by 19.
15
Let n = -160 - -264. What is the remainder when n is divided by 21?
20
Suppose 348 - 78 = 9*m. Calculate the remainder when 58 is divided by m.
28
Let l(p) = p**3 - 2*p**2 + p + 2. Suppose -5 + 1 = -2*r. Let w(b) = b**2 - 12*b - 10. Calculate the remainder when l(r) is divided by w(13).
1
Let v(l) be the third derivative of -l**4/12 + 4*l**3/3 - 5*l**2. Calculate the remainder when 15 is divided by v(0).
7
Suppose 0 = -10*a + 6*a + 76. Suppose -4 = -2*u + 10. Calculate the remainder when a is divided by u.
5
Suppose 11*z - 132 = 7*z. What is the remainder when z is divided by 12?
9
Let x(u) = -2*u**2 - 25*u - 5. Calculate the remainder when 109 is divided by x(-11).
25
Let v(f) = 12*f**3 - f**2 - 6*f + 6. Calculate the remainder when 30 is divided by v(1).
8
Suppose -133 = -4*r + 5*t, -r = -0*t + 2*t - 17. Calculate the remainder when r is divided by 10.
7
Let r(v) = v**2 - 5*v - 7. Let a be r(6). Let d = -2 + a. What is the remainder when 52 is divided by (d/(-4))/((-5)/(-120))?
16
Suppose -2*m + 4 + 2 = 0. Suppose -m*f + 6*f + 16 = -2*y, 12 = -f - 2*y. Let z(r) = -3*r + 1. Calculate the remainder when z(f) is divided by 4.
3
Let m = 18 - 15. Suppose -2*a + 2 = -a. What is the remainder when m is divided by a?
1
Let h be (2 - -1) + -5 - -80. Let a = -46 + 90. Let u = h - a. What is the remainder when u is divided by 12?
10
Suppose 7*s = 2*s + 30. Calculate the remainder when 22 is divided by s.
4
Let q = 3 + 69. Suppose -k = 2*k - q. Calculate the remainder when k is divided by 13.
11
Suppose 0 = d - 5*p + 23, 2*d - 3*p + 2 + 9 = 0. What is the remainder when 3 is divided by d?
1
Let t(i) = 8*i. Calculate the remainder when 37 is divided by t(1).
5
Let b = 1 + 4. Suppose -124 = -b*n + n. Calculate the remainder when n is divided by 8.
7
What is the remainder when -47*(2/8 + 27/(-12)) is divided by 35?
24
Let k = 21 + 43. Let b be